247.
19
Let f be 1 - 0 - (-1 - 430). Let z(r) = -13*r**2 + 324*r + 73. Let m be z(25). Calculate the greatest common divisor of m and f.
48
Suppose 0 = -4*s + 11*s - 126. Let q(j) = j**2 - 17*j + 6. Let g be q(s). What is the highest common factor of g and 36?
12
Suppose 2*u - 2*q - 7 - 9 = 0, -2*u - 2*q + 32 = 0. Let t be ((-60)/u)/(2/(-22)). Calculate the highest common divisor of t and 5.
5
Let f be 6/10 - (-552)/(-20). Let g = f + 97. What is the greatest common factor of 14 and g?
14
Let a = -114 + 203. Let c be 3 + (a - -2) + -2. Let v = c + -40. What is the greatest common factor of v and 13?
13
Let b = 7 + -36. Let f = 29 + b. Suppose a + f*a - 101 = 5*i, 3*a + 4*i = 227. What is the greatest common divisor of 9 and a?
9
Let d(j) = -22*j - 561. Let k be d(-47). Suppose -3*y - 224 = -5*m - 6*y, -15 = -5*y. Calculate the greatest common factor of k and m.
43
Let c(p) = -167*p - 193. Let d be c(-3). What is the greatest common divisor of 132 and d?
44
Let j(u) = 2*u + 40. Let z be j(13). Suppose 10*b - 4*b = z. Calculate the highest common divisor of 11 and b.
11
Let u(n) = -n**2 + 4 + n**2 - n**3 + 3*n**2 + 3*n. Let v be u(4). Suppose 3*f - 2*f - 10 = v. Calculate the highest common factor of 70 and f.
10
Suppose 50*o + 17440 = 66*o. What is the greatest common factor of o and 10?
10
Suppose 0*a + 19*a = 5776. What is the highest common factor of 32 and a?
16
Let m(p) = p**2 + 14*p + 37. Let h be m(-13). What is the highest common factor of 24 and h?
24
Let z be ((-5)/(-2))/((-3)/6). Let s(a) = -a**2 - 6*a + 6. Let y be s(z). What is the highest common factor of 99 and y?
11
Let l = 402 - 383. What is the greatest common divisor of 437 and l?
19
Let v(f) = 3*f**2 + 3. Let o be 10/(-2)*8/(-20). Suppose 2*w = -4*k - 2, 0 = o*w - 3*k - 6 - 6. Let h be v(w). Calculate the highest common factor of 20 and h.
10
Let a = -881 + 946. Calculate the highest common divisor of 20 and a.
5
Let a(m) = 7*m - 17. Let g be a(-9). Let k = 88 + g. What is the highest common factor of 28 and k?
4
Let y = 209 + -186. What is the highest common factor of y and 23?
23
Let r(i) = -2*i + 8*i - 4 - 8 - 4*i. Let h be r(7). Suppose h*n - 45 = -2*f - 11, 3*n + 69 = 5*f. Calculate the greatest common factor of 60 and f.
15
Let w(b) = 2*b**2 - 3*b + 1. Let x be w(2). Let d(n) = -67*n + 21. Let y be d(0). What is the greatest common divisor of x and y?
3
Let r be ((-198)/(-55))/(4 + 898/(-225)). What is the greatest common divisor of 54 and r?
27
Suppose -4*h + 4 = -12. Calculate the highest common factor of 10 and h.
2
Let q be ((-12)/(-5))/(-10 - (-707)/70). What is the highest common divisor of 16 and q?
8
Suppose -9*a = -4108 - 4532. What is the highest common factor of 64 and a?
64
Suppose 2*l - y = -6*y, 0 = -5*l - 2*y + 21. Suppose -4*v - 4*j + 156 = 0, 4*j - 3*j + 201 = 5*v. What is the highest common factor of v and l?
5
Let m be ((-26)/65)/(2/(-30)). Suppose -2*i - 2*l = -18, 3*l = 5 + 4. Calculate the highest common factor of i and m.
6
Let u = 921 + -621. Calculate the greatest common factor of 12 and u.
12
Suppose -4400 = -9*t + 1900. Calculate the highest common factor of 25 and t.
25
Let i be (-2)/(-2) + 2 + (-9)/3. Suppose 4*f + 288 = 5*s, -4*s - 2*f + 0*f + 220 = i. Calculate the highest common divisor of s and 14.
14
Suppose -4*m + 43 = -17. Let b(u) = 81*u - 72. Let n be b(2). What is the highest common factor of m and n?
15
Suppose -5*o - 4*b + 6203 = 0, 4*b - 422 = 2*o - 2920. What is the highest common factor of 339 and o?
113
Let g = 52 - 29. Calculate the greatest common factor of g and 391.
23
Let t be 0 + (-662)/(-1) + 9 + -5. Suppose 0 = 2*n + 26 - t. What is the highest common factor of n and 40?
40
Let g(a) = -2*a**2 + 19*a + 19. Let s(b) = 17*b**2 + 7*b. Let k be s(-1). Let d be g(k). Calculate the highest common factor of d and 36.
9
Let g be 5/(-30) - -15*202/36. What is the greatest common factor of g and 48?
12
Suppose -2*x = -4 - 12. Calculate the highest common factor of x and 6.
2
Let n(p) = p**3 - 10*p**2 - 12*p + 16. Let f(t) = -5*t - 4. Let d be f(-3). Let i be n(d). Suppose -l + 3 = -2. Calculate the highest common divisor of i and l.
5
Let f be (4 + (0 - 5))*-13. Calculate the highest common divisor of 169 and f.
13
Let t = -2425 - -2627. What is the greatest common divisor of 2 and t?
2
Let g = 203 - 152. Calculate the highest common divisor of g and 68.
17
Suppose -b + 6*b = -85. Let y(h) = -h**2 - 18*h - 14. Let i be y(b). Suppose 118 + 92 = i*d. Calculate the greatest common factor of 10 and d.
10
Let c be 1/(-2) + 90/36 + 350. What is the highest common divisor of c and 44?
44
Suppose 18*x - 72 = 14*x. What is the highest common factor of 486 and x?
18
Suppose q - 57 = -5*f + 193, -2*f + q = -100. Calculate the highest common divisor of 25 and f.
25
Let f = 875 - 828. What is the highest common divisor of 94 and f?
47
Let b = -31 + 19. Let n = b + 9. Let k be n - 4/((-12)/69). Calculate the highest common divisor of 20 and k.
20
Suppose -220*g + 199*g = -1008. Calculate the highest common factor of g and 15.
3
Let v(b) = 15*b + 152. Let l be v(-8). Calculate the greatest common factor of 224 and l.
32
Let f be (-1)/6 + (-762)/(-36). Let y = f + -8. Suppose 2*i - 22 = 4. Calculate the greatest common divisor of y and i.
13
Suppose -71 = -6*i + 13. Let q = 10 + -3. Calculate the highest common factor of q and i.
7
Let t be 2/2*(2 + -1). Let y be 7 + -7 - (t + -3). Let w be y/2*(24 - -2). Calculate the greatest common divisor of w and 13.
13
Suppose -2*v = -5 + 1. Let t be 120/25 - v/(-10). Let i be -45*((-3)/(-3) + -2). Calculate the greatest common divisor of i and t.
5
Let c = -10 - -138. Suppose -3*r + 0*p + 43 = -p, 0 = -4*r + 2*p + 54. What is the highest common factor of r and c?
16
Let x = 41 + -36. Let k be (13 - x)*(-1)/(-2). Suppose 0 = -3*o + 5*o - 20. Calculate the greatest common divisor of k and o.
2
Let n(q) = 3*q**2 - 3*q - q**3 + 2 - 2*q + 3*q**2. Suppose -4*k - 4*d + 20 = 8, -d + 15 = 4*k. Let l be n(k). What is the greatest common factor of l and 14?
14
Let w(s) = -s**3 + 17*s**2 - 14*s + 19. Let g be w(16). Calculate the greatest common divisor of 3 and g.
3
Let f = 1044 + -1019. Calculate the highest common divisor of f and 200.
25
Let l = -45 - -48. Let o be l/(-21) - 40/(-35). Calculate the greatest common factor of 5 and o.
1
Suppose 0 = -c + 10. Let p be (c/7)/(19/133). Let k be (16/(-20))/((-2)/100). What is the highest common factor of k and p?
10
Let j(z) = 3*z**2 - 21*z + 53. Let l be j(8). Calculate the greatest common divisor of l and 165.
11
Let p = -55 + 59. Let t(o) = 2*o**2 + 20. Let r be t(p). What is the highest common factor of r and 39?
13
Let f(g) = -g**3 + 11*g**2 - 20*g - 10. Let q be f(8). Calculate the highest common divisor of 374 and q.
22
Suppose 6 + 0 = 3*m. Let u = -59 + 61. Calculate the greatest common factor of m and u.
2
Let g(s) = -s**3 - 8*s**2 - 8*s - 10. Let h be g(-7). Let l be (-31)/h*3*5. Let v = -136 + 198. What is the greatest common factor of v and l?
31
Let m(g) = g**3 + 20*g**2 + 47*g + 205. Let x be m(-18). Let p(d) = 11*d. Let a be p(4). Suppose -a = 5*k - x*k. Calculate the highest common factor of k and 2.
2
Let z(b) = -3*b**2 + 15*b - 43. Let n(a) = 7*a**2 - 30*a + 87. Let u(o) = -2*n(o) - 5*z(o). Let h be u(12). Calculate the highest common divisor of h and 5.
5
Let p(t) = t**3 - 6*t**2 - t + 8. Let y be p(6). Suppose 2*l - 228 = -5*i + 343, -y*i = -4*l + 1154. What is the greatest common factor of l and 32?
32
Let r be 18*4/48*4. Suppose -8*s = 4 - 20. Calculate the highest common divisor of s and r.
2
Suppose -3*h + 21 + 6 = 3*v, -5*v = 4*h - 41. Let u be h - 5 - (1 - 57). Suppose 0 = -6*x + 8*x - 10. What is the highest common factor of x and u?
5
Suppose 0 = 5*v, 4*v + 124 = m + 7*v. Calculate the highest common divisor of 62 and m.
62
Suppose -3*v + 13*h = -103, -4*v - 15*h = -10*h + 19. Suppose w = -4*w + 20. What is the highest common factor of w and v?
4
Let w be (192/36)/((-2)/(-3)). Let i be (8/(-2))/w*-4. What is the highest common divisor of 4 and i?
2
Let w = 62 - 34. Let f(y) = -2*y + 26. Let c be (-111)/12 - 6/8 - -2. Let h be f(c). What is the greatest common factor of w and h?
14
Suppose -1989 = -32*r - 549. What is the highest common